{"id":1105,"date":"2018-05-23T12:48:36","date_gmt":"2018-05-23T10:48:36","guid":{"rendered":"https:\/\/topfly-aero.com\/?page_id=1105"},"modified":"2018-10-02T16:40:11","modified_gmt":"2018-10-02T14:40:11","slug":"links","status":"publish","type":"page","link":"https:\/\/topfly-aero.com\/index.php\/links\/","title":{"rendered":"Links"},"content":{"rendered":"<p>[et_pb_section bb_built=\u00a0\u00bb1&Prime;][et_pb_row][et_pb_column type=\u00a0\u00bb4_4&Prime;][et_pb_accordion _builder_version=\u00a0\u00bb3.12.2&Prime;][et_pb_accordion_item _builder_version=\u00a0\u00bb3.12.2&Prime; title=\u00a0\u00bbThe Meteo, the basis for any success\u00a0\u00bb use_background_color_gradient=\u00a0\u00bboff\u00a0\u00bb background_color_gradient_start=\u00a0\u00bb#2b87da\u00a0\u00bb background_color_gradient_end=\u00a0\u00bb#29c4a9&Prime; background_color_gradient_type=\u00a0\u00bblinear\u00a0\u00bb background_color_gradient_direction=\u00a0\u00bb180deg\u00a0\u00bb background_color_gradient_direction_radial=\u00a0\u00bbcenter\u00a0\u00bb background_color_gradient_start_position=\u00a0\u00bb0%\u00a0\u00bb background_color_gradient_end_position=\u00a0\u00bb100%\u00a0\u00bb background_color_gradient_overlays_image=\u00a0\u00bboff\u00a0\u00bb parallax=\u00a0\u00bboff\u00a0\u00bb parallax_method=\u00a0\u00bbon\u00a0\u00bb background_size=\u00a0\u00bbcover\u00a0\u00bb background_position=\u00a0\u00bbcenter\u00a0\u00bb background_repeat=\u00a0\u00bbno-repeat\u00a0\u00bb background_blend=\u00a0\u00bbnormal\u00a0\u00bb allow_player_pause=\u00a0\u00bboff\u00a0\u00bb background_video_pause_outside_viewport=\u00a0\u00bbon\u00a0\u00bb text_shadow_style=\u00a0\u00bbnone\u00a0\u00bb box_shadow_style=\u00a0\u00bbnone\u00a0\u00bb text_shadow_horizontal_length=\u00a0\u00bb0em\u00a0\u00bb text_shadow_vertical_length=\u00a0\u00bb0em\u00a0\u00bb text_shadow_blur_strength=\u00a0\u00bb0em\u00a0\u00bb]<\/p>\n<table width=\"100%\" cellspacing=\"0\" cellpadding=\"0\">\n<tbody>\n<tr>\n<td align=\"center\" valign=\"top\"><span class=\"style1\"><strong>The \u00ab\u00a0must\u00a0\u00bb site for any forecast<\/strong><\/span>\u00a0&#8211;\u00a0<a href=\"http:\/\/www.wetterzentrale.de\/topkarten\/fsfaxsem.html\" target=\"_blank\" rel=\"noopener\"><span class=\"mini\">http:\/\/www.wetterzentrale.de\/topkarten\/fsfaxsem.html<\/span><\/a><\/td>\n<\/tr>\n<tr>\n<td align=\"center\" valign=\"top\"><span class=\"style1\"><strong>Fran\u00e7ois Hersen&rsquo;s site<\/strong><\/span>\u00a0&#8211; <a href=\"http:\/\/francois.hersen.pagesperso-orange.fr\/BriefingMTO.htm\">http:\/\/francois.hersen.pagesperso-orange.fr\/BriefingMTO.htm<\/a><\/td>\n<\/tr>\n<tr>\n<td align=\"center\" valign=\"top\"><span class=\"style1\"><strong>Denis Flament&rsquo;s site<\/strong><\/span>\u00a0&#8211;\u00a0<a href=\"http:\/\/meteo.deltafox.net\/\" target=\"_blank\" rel=\"noopener\"><span class=\"mini\">http:\/\/meteo.deltafox.net\/<\/span><\/a><\/td>\n<\/tr>\n<tr>\n<td align=\"center\" valign=\"top\"><span class=\"style1\"><strong>Meteo Swiss<\/strong><\/span>\u00a0&#8211;\u00a0<a href=\"https:\/\/www.meteoblue.com\/fr\/meteo\/prevision\/semaine\/gap_france_3016702\">https:\/\/www.meteoblue.com\/fr\/meteo\/prevision\/semaine\/gap_france_3016702<\/a><\/td>\n<\/tr>\n<tr>\n<td align=\"center\" valign=\"top\"><span class=\"style1\"><strong>Satellite HD Central Europe<\/strong><\/span>\u00a0&#8211; <a href=\"https:\/\/fr.sat24.com\/fr\/fr\">https:\/\/fr.sat24.com\/fr\/fr<\/a><\/td>\n<\/tr>\n<tr>\n<td align=\"center\" valign=\"top\"><\/td>\n<\/tr>\n<tr>\n<td align=\"center\" valign=\"top\"><span class=\"style1\"><strong>Weather On Line<\/strong><\/span>\u00a0&#8211;\u00a0<a href=\"http:\/\/www.weatheronline.co.uk\/\" target=\"_blank\" rel=\"noopener\"><span class=\"mini\">http:\/\/www.weatheronline.co.uk\/<\/span><\/a><\/td>\n<\/tr>\n<tr>\n<td align=\"center\" valign=\"top\"><span class=\"style1\"><strong>Bariloche &#8211; Local meteo<\/strong><\/span>\u00a0&#8211; <a href=\"https:\/\/ssl.smn.gob.ar\/?mod=vueloavela\">https:\/\/ssl.smn.gob.ar\/?mod=vueloavela<\/a><\/td>\n<\/tr>\n<tr>\n<td align=\"center\" valign=\"top\"><\/td>\n<\/tr>\n<\/tbody>\n<\/table>\n<p>[\/et_pb_accordion_item][et_pb_accordion_item _builder_version=\u00a0\u00bb3.12.2&Prime; title=\u00a0\u00bbSome good Magazines\u00a0\u00bb use_background_color_gradient=\u00a0\u00bboff\u00a0\u00bb background_color_gradient_start=\u00a0\u00bb#2b87da\u00a0\u00bb background_color_gradient_end=\u00a0\u00bb#29c4a9&Prime; background_color_gradient_type=\u00a0\u00bblinear\u00a0\u00bb background_color_gradient_direction=\u00a0\u00bb180deg\u00a0\u00bb background_color_gradient_direction_radial=\u00a0\u00bbcenter\u00a0\u00bb background_color_gradient_start_position=\u00a0\u00bb0%\u00a0\u00bb background_color_gradient_end_position=\u00a0\u00bb100%\u00a0\u00bb background_color_gradient_overlays_image=\u00a0\u00bboff\u00a0\u00bb parallax=\u00a0\u00bboff\u00a0\u00bb parallax_method=\u00a0\u00bbon\u00a0\u00bb background_size=\u00a0\u00bbcover\u00a0\u00bb background_position=\u00a0\u00bbcenter\u00a0\u00bb background_repeat=\u00a0\u00bbno-repeat\u00a0\u00bb background_blend=\u00a0\u00bbnormal\u00a0\u00bb allow_player_pause=\u00a0\u00bboff\u00a0\u00bb background_video_pause_outside_viewport=\u00a0\u00bbon\u00a0\u00bb text_shadow_style=\u00a0\u00bbnone\u00a0\u00bb box_shadow_style=\u00a0\u00bbnone\u00a0\u00bb text_shadow_horizontal_length=\u00a0\u00bb0em\u00a0\u00bb text_shadow_vertical_length=\u00a0\u00bb0em\u00a0\u00bb text_shadow_blur_strength=\u00a0\u00bb0em\u00a0\u00bb]<\/p>\n<table width=\"100%\" cellspacing=\"0\" cellpadding=\"0\">\n<tbody>\n<tr>\n<td align=\"center\" valign=\"top\"><span class=\"style1\"><strong>Vol \u00e0 Voile<\/strong><\/span><strong> FB<\/strong>&#8211; <a href=\"https:\/\/fr-fr.facebook.com\/velivoles\/\">https:\/\/fr-fr.facebook.com\/velivoles\/<\/a><\/td>\n<\/tr>\n<tr>\n<td align=\"center\" valign=\"top\"><strong>Magazine\u00a0<\/strong><strong>Vol \u00e0 Voile<\/strong> &#8211; <a href=\"https:\/\/www.journaux.fr\/vol-a-voile-_avions_auto-moto-transport_169225.html\">https:\/\/www.journaux.fr\/vol-a-voile-_avions_auto-moto-transport_169225.html<\/a><\/td>\n<\/tr>\n<tr>\n<td align=\"center\" valign=\"top\"><span class=\"style1\"><strong>Volo a Vela<\/strong><\/span>\u00a0&#8211;\u00a0<a href=\"http:\/\/www.voloavela.it\/\" target=\"_blank\" rel=\"noopener\"><span class=\"mini\">http:\/\/www.voloavela.it\/<\/span><\/a><\/td>\n<\/tr>\n<tr>\n<td align=\"center\" valign=\"top\"><span class=\"mini\"><strong>Gliding International<\/strong><\/span><span class=\"mini\"> &#8211;<\/span><span class=\"mini\"> <a href=\"https:\/\/www.glidinginternational.com\/\">https:\/\/www.glidinginternational.com\/<\/a><\/span><\/td>\n<\/tr>\n<tr>\n<td align=\"center\" valign=\"top\"><span class=\"style1\"><strong>Sailplane &amp; Gliding<\/strong><\/span>\u00a0&#8211;\u00a0<a href=\"http:\/\/www.gliding.co.uk\/sailplaneandgliding\/news.htm\" target=\"_blank\" rel=\"noopener\"><span class=\"mini\">http:\/\/www.gliding.co.uk\/sailplaneandgliding\/news.htm<\/span><\/a><\/td>\n<\/tr>\n<tr>\n<td align=\"center\" valign=\"top\"><span class=\"style1\"><strong>Aerokurier<\/strong><\/span>\u00a0&#8211;\u00a0<a href=\"http:\/\/www.aerokurier.rotor.com\/\" target=\"_blank\" rel=\"noopener\"><span class=\"mini\">http:\/\/www.aerokurier.rotor.com\/<\/span><\/a><\/td>\n<\/tr>\n<tr>\n<td align=\"center\" valign=\"top\"><span class=\"mini\"><strong>Soaring <\/strong><strong>New Zealand <\/strong><\/span><span class=\"mini\">&#8211; <\/span><a href=\"http:\/\/gliding.co.nz\/\">http:\/\/gliding.co.nz\/<\/a><\/td>\n<\/tr>\n<tr>\n<td align=\"center\" valign=\"top\"><span class=\"style1\"><strong>Canada Gliding Magazines<\/strong><\/span>\u00a0&#8211;\u00a0<a href=\"http:\/\/www.sac.ca\/\" target=\"_blank\" rel=\"noopener\"><span class=\"mini\">http:\/\/www.sac.ca\/<\/span><\/a><\/td>\n<\/tr>\n<tr>\n<td align=\"center\" valign=\"top\"><strong>On Line Soaring Magazine Archive (SSA USA)<\/strong> &#8211; <a href=\"http:\/\/www.ssa.org\/Archive\/\">http:\/\/www.ssa.org\/Archive\/<\/a><\/td>\n<\/tr>\n<\/tbody>\n<\/table>\n<p>[\/et_pb_accordion_item][et_pb_accordion_item _builder_version=\u00a0\u00bb3.12.2&Prime; title=\u00a0\u00bbOrganizations\u00a0\u00bb use_background_color_gradient=\u00a0\u00bboff\u00a0\u00bb background_color_gradient_start=\u00a0\u00bb#2b87da\u00a0\u00bb background_color_gradient_end=\u00a0\u00bb#29c4a9&Prime; background_color_gradient_type=\u00a0\u00bblinear\u00a0\u00bb background_color_gradient_direction=\u00a0\u00bb180deg\u00a0\u00bb background_color_gradient_direction_radial=\u00a0\u00bbcenter\u00a0\u00bb background_color_gradient_start_position=\u00a0\u00bb0%\u00a0\u00bb background_color_gradient_end_position=\u00a0\u00bb100%\u00a0\u00bb background_color_gradient_overlays_image=\u00a0\u00bboff\u00a0\u00bb parallax=\u00a0\u00bboff\u00a0\u00bb parallax_method=\u00a0\u00bbon\u00a0\u00bb background_size=\u00a0\u00bbcover\u00a0\u00bb background_position=\u00a0\u00bbcenter\u00a0\u00bb background_repeat=\u00a0\u00bbno-repeat\u00a0\u00bb background_blend=\u00a0\u00bbnormal\u00a0\u00bb allow_player_pause=\u00a0\u00bboff\u00a0\u00bb background_video_pause_outside_viewport=\u00a0\u00bbon\u00a0\u00bb text_shadow_style=\u00a0\u00bbnone\u00a0\u00bb box_shadow_style=\u00a0\u00bbnone\u00a0\u00bb text_shadow_horizontal_length=\u00a0\u00bb0em\u00a0\u00bb text_shadow_vertical_length=\u00a0\u00bb0em\u00a0\u00bb text_shadow_blur_strength=\u00a0\u00bb0em\u00a0\u00bb]<\/p>\n<table width=\"100%\" cellspacing=\"0\" cellpadding=\"0\">\n<tbody>\n<tr>\n<td align=\"center\" valign=\"top\"><span class=\"style1\"><strong>F\u00e9d\u00e9ration A\u00e9ronautique Internationale (FAI) &#8211; Home page<\/strong><\/span>\u00a0&#8211;\u00a0<a href=\"http:\/\/www.fai.org\/\" target=\"_blank\" rel=\"noopener\"><span class=\"mini\">http:\/\/www.fai.org\/<\/span><\/a><\/td>\n<\/tr>\n<tr>\n<td align=\"center\" valign=\"top\"><span class=\"style1\"><strong>F\u00e9d\u00e9ration A\u00e9ronautique Internationale (FAI) &#8211; Gliding World Record page<\/strong><\/span>\u00a0&#8211; <a href=\"https:\/\/records.fai.org\/records\">https:\/\/records.fai.org\/records<\/a><\/td>\n<\/tr>\n<tr>\n<td align=\"center\" valign=\"top\"><span class=\"style1\"><strong>F\u00e9d\u00e9ration Fran\u00e7aise de Vol en Planeur<\/strong><\/span> &#8211;\u00a0<a href=\"https:\/\/www.ffvp.fr\/\">https:\/\/www.ffvp.fr\/<\/a><\/td>\n<\/tr>\n<tr>\n<td align=\"center\" valign=\"top\"><span class=\"style1\"><strong>Centre National de Vol \u00e0 Voile<\/strong><\/span>\u00a0&#8211;\u00a0<a href=\"http:\/\/www.cnvv.net\/\" target=\"_blank\" rel=\"noopener\"><span class=\"mini\">http:\/\/www.cnvv.net\/<\/span><\/a><\/td>\n<\/tr>\n<tr>\n<td align=\"center\" valign=\"top\"><span class=\"style1\"><strong>Federaci\u00f3n Argentina de Vuelo a Vela<\/strong><\/span>\u00a0&#8211;\u00a0<a href=\"http:\/\/www.favav.com.ar\/default.aspx\">http:\/\/www.favav.com.ar\/default.aspx<\/a><\/td>\n<\/tr>\n<tr>\n<td align=\"center\" valign=\"top\"><\/td>\n<\/tr>\n<tr>\n<td align=\"center\" valign=\"top\"><span class=\"style1\"><strong>Repr\u00e9sentation diplomatique et adresses utiles m\u00e9decins, hopitaux, etc..<\/strong><\/span>\u00a0&#8211;\u00a0<a href=\"http:\/\/www.consulfrance-buenos-aires.org\/\" target=\"_blank\" rel=\"noopener\"><span class=\"mini\">http:\/\/www.consulfrance-buenos-aires.org\/<\/span><\/a><\/td>\n<\/tr>\n<\/tbody>\n<\/table>\n<p>[\/et_pb_accordion_item][et_pb_accordion_item _builder_version=\u00a0\u00bb3.12.2&Prime; title=\u00a0\u00bbGliding Competitions\u00a0\u00bb use_background_color_gradient=\u00a0\u00bboff\u00a0\u00bb background_color_gradient_start=\u00a0\u00bb#2b87da\u00a0\u00bb background_color_gradient_end=\u00a0\u00bb#29c4a9&Prime; background_color_gradient_type=\u00a0\u00bblinear\u00a0\u00bb background_color_gradient_direction=\u00a0\u00bb180deg\u00a0\u00bb background_color_gradient_direction_radial=\u00a0\u00bbcenter\u00a0\u00bb background_color_gradient_start_position=\u00a0\u00bb0%\u00a0\u00bb background_color_gradient_end_position=\u00a0\u00bb100%\u00a0\u00bb background_color_gradient_overlays_image=\u00a0\u00bboff\u00a0\u00bb parallax=\u00a0\u00bboff\u00a0\u00bb parallax_method=\u00a0\u00bbon\u00a0\u00bb background_size=\u00a0\u00bbcover\u00a0\u00bb background_position=\u00a0\u00bbcenter\u00a0\u00bb background_repeat=\u00a0\u00bbno-repeat\u00a0\u00bb background_blend=\u00a0\u00bbnormal\u00a0\u00bb allow_player_pause=\u00a0\u00bboff\u00a0\u00bb background_video_pause_outside_viewport=\u00a0\u00bbon\u00a0\u00bb text_shadow_style=\u00a0\u00bbnone\u00a0\u00bb box_shadow_style=\u00a0\u00bbnone\u00a0\u00bb]<\/p>\n<table width=\"100%\" cellspacing=\"0\" cellpadding=\"0\">\n<tbody>\n<tr>\n<td align=\"center\" valign=\"top\"><span class=\"style1\"><strong>OnLine Contest<\/strong><\/span>\u00a0&#8211;\u00a0<a href=\"http:\/\/www.onlinecontest.org\/olc-2.0\/gliding\/index.html?c=C0&amp;sc=&amp;st=olc&amp;rt=olc\" target=\"_blank\" rel=\"noopener\"><span class=\"mini\">http:\/\/www.onlinecontest.org\/olc-2.0\/gliding\/index.html?c=C0&amp;sc=&amp;st=olc&amp;rt=olc<\/span><\/a><\/td>\n<\/tr>\n<tr>\n<td align=\"center\" valign=\"top\"><span class=\"style1\"><strong>Netcoupe<\/strong><\/span>\u00a0&#8211;\u00a0<a href=\"http:\/\/www.netcoupe.net\/main.aspx\" target=\"_blank\" rel=\"noopener\"><span class=\"mini\">http:\/\/www.netcoupe.net\/main.aspx<\/span><\/a><\/td>\n<\/tr>\n<\/tbody>\n<\/table>\n<p>[\/et_pb_accordion_item][et_pb_accordion_item _builder_version=\u00a0\u00bb3.12.2&Prime; title=\u00a0\u00bbPersonnel Websites\u00a0\u00bb use_background_color_gradient=\u00a0\u00bboff\u00a0\u00bb background_color_gradient_start=\u00a0\u00bb#2b87da\u00a0\u00bb background_color_gradient_end=\u00a0\u00bb#29c4a9&Prime; background_color_gradient_type=\u00a0\u00bblinear\u00a0\u00bb background_color_gradient_direction=\u00a0\u00bb180deg\u00a0\u00bb background_color_gradient_direction_radial=\u00a0\u00bbcenter\u00a0\u00bb background_color_gradient_start_position=\u00a0\u00bb0%\u00a0\u00bb background_color_gradient_end_position=\u00a0\u00bb100%\u00a0\u00bb background_color_gradient_overlays_image=\u00a0\u00bboff\u00a0\u00bb parallax=\u00a0\u00bboff\u00a0\u00bb parallax_method=\u00a0\u00bbon\u00a0\u00bb background_size=\u00a0\u00bbcover\u00a0\u00bb background_position=\u00a0\u00bbcenter\u00a0\u00bb background_repeat=\u00a0\u00bbno-repeat\u00a0\u00bb background_blend=\u00a0\u00bbnormal\u00a0\u00bb allow_player_pause=\u00a0\u00bboff\u00a0\u00bb background_video_pause_outside_viewport=\u00a0\u00bbon\u00a0\u00bb text_shadow_style=\u00a0\u00bbnone\u00a0\u00bb box_shadow_style=\u00a0\u00bbnone\u00a0\u00bb]<\/p>\n<p style=\"text-align: center;\"><span class=\"style1\"><strong>Philippe De Pechy<\/strong><\/span>\u00a0&#8211;\u00a0<a href=\"http:\/\/depechy.free.fr\/\" target=\"_blank\" rel=\"noopener\"><span class=\"mini\">http:\/\/depechy.free.fr\/<\/span><\/a><\/p>\n<p>[\/et_pb_accordion_item][et_pb_accordion_item _builder_version=\u00a0\u00bb3.12.2&Prime; title=\u00a0\u00bbManufacturers\u00a0\u00bb use_background_color_gradient=\u00a0\u00bboff\u00a0\u00bb background_color_gradient_start=\u00a0\u00bb#2b87da\u00a0\u00bb background_color_gradient_end=\u00a0\u00bb#29c4a9&Prime; background_color_gradient_type=\u00a0\u00bblinear\u00a0\u00bb background_color_gradient_direction=\u00a0\u00bb180deg\u00a0\u00bb background_color_gradient_direction_radial=\u00a0\u00bbcenter\u00a0\u00bb background_color_gradient_start_position=\u00a0\u00bb0%\u00a0\u00bb background_color_gradient_end_position=\u00a0\u00bb100%\u00a0\u00bb background_color_gradient_overlays_image=\u00a0\u00bboff\u00a0\u00bb parallax=\u00a0\u00bboff\u00a0\u00bb parallax_method=\u00a0\u00bbon\u00a0\u00bb background_size=\u00a0\u00bbcover\u00a0\u00bb background_position=\u00a0\u00bbcenter\u00a0\u00bb background_repeat=\u00a0\u00bbno-repeat\u00a0\u00bb background_blend=\u00a0\u00bbnormal\u00a0\u00bb allow_player_pause=\u00a0\u00bboff\u00a0\u00bb background_video_pause_outside_viewport=\u00a0\u00bbon\u00a0\u00bb text_shadow_style=\u00a0\u00bbnone\u00a0\u00bb box_shadow_style=\u00a0\u00bbnone\u00a0\u00bb text_shadow_horizontal_length=\u00a0\u00bb0em\u00a0\u00bb text_shadow_vertical_length=\u00a0\u00bb0em\u00a0\u00bb text_shadow_blur_strength=\u00a0\u00bb0em\u00a0\u00bb]<\/p>\n<table width=\"100%\" cellspacing=\"0\" cellpadding=\"0\">\n<tbody>\n<tr>\n<td align=\"center\" valign=\"top\"><span class=\"style1\"><strong>Alexander Schleicher<\/strong><\/span>\u00a0&#8211;\u00a0<a href=\"http:\/\/www.alexander-schleicher.de\/\" target=\"_blank\" rel=\"noopener\"><span class=\"mini\">http:\/\/www.alexander-schleicher.de\/<\/span><\/a><\/td>\n<\/tr>\n<tr>\n<td align=\"center\" valign=\"top\"><span class=\"style1\"><strong>DG-Flugzeugbau<\/strong><\/span>\u00a0&#8211;\u00a0<a href=\"http:\/\/www.dg-flugzeugbau.de\/\" target=\"_blank\" rel=\"noopener\"><span class=\"mini\">http:\/\/www.dg-flugzeugbau.de\/<\/span><\/a><\/td>\n<\/tr>\n<tr>\n<td align=\"center\" valign=\"top\"><span class=\"style1\"><strong>Schempp-Hirth Flugzeugbau GmbH<\/strong><\/span>\u00a0&#8211;\u00a0<a href=\"http:\/\/www.schempp-hirth.com\/\" target=\"_blank\" rel=\"noopener\"><span class=\"mini\">http:\/\/www.schempp-hirth.com\/<\/span><\/a><\/td>\n<\/tr>\n<tr>\n<td align=\"center\" valign=\"top\"><span class=\"style1\"><strong>Manufacturers&rsquo;s Websites<\/strong><\/span>\u00a0&#8211;\u00a0<a href=\"http:\/\/www.sailplanes.com\/sites.htm\" target=\"_blank\" rel=\"noopener\"><span class=\"mini\">http:\/\/www.sailplanes.com\/sites.htm<\/span><\/a><\/td>\n<\/tr>\n<tr>\n<td align=\"center\" valign=\"top\"><strong>Jonkers Sailplanes<\/strong> &#8211; <a href=\"http:\/\/jonkersailplanes.co.za\/\">http:\/\/jonkersailplanes.co.za\/<\/a><\/td>\n<\/tr>\n<\/tbody>\n<\/table>\n<p>[\/et_pb_accordion_item][et_pb_accordion_item _builder_version=\u00a0\u00bb3.12.2&Prime; title=\u00a0\u00bbFlight Analysis Software\u00a0\u00bb use_background_color_gradient=\u00a0\u00bboff\u00a0\u00bb background_color_gradient_start=\u00a0\u00bb#2b87da\u00a0\u00bb background_color_gradient_end=\u00a0\u00bb#29c4a9&Prime; background_color_gradient_type=\u00a0\u00bblinear\u00a0\u00bb background_color_gradient_direction=\u00a0\u00bb180deg\u00a0\u00bb background_color_gradient_direction_radial=\u00a0\u00bbcenter\u00a0\u00bb background_color_gradient_start_position=\u00a0\u00bb0%\u00a0\u00bb background_color_gradient_end_position=\u00a0\u00bb100%\u00a0\u00bb background_color_gradient_overlays_image=\u00a0\u00bboff\u00a0\u00bb parallax=\u00a0\u00bboff\u00a0\u00bb parallax_method=\u00a0\u00bbon\u00a0\u00bb background_size=\u00a0\u00bbcover\u00a0\u00bb background_position=\u00a0\u00bbcenter\u00a0\u00bb background_repeat=\u00a0\u00bbno-repeat\u00a0\u00bb background_blend=\u00a0\u00bbnormal\u00a0\u00bb allow_player_pause=\u00a0\u00bboff\u00a0\u00bb background_video_pause_outside_viewport=\u00a0\u00bbon\u00a0\u00bb text_shadow_style=\u00a0\u00bbnone\u00a0\u00bb box_shadow_style=\u00a0\u00bbnone\u00a0\u00bb text_shadow_horizontal_length=\u00a0\u00bb0em\u00a0\u00bb text_shadow_vertical_length=\u00a0\u00bb0em\u00a0\u00bb text_shadow_blur_strength=\u00a0\u00bb0em\u00a0\u00bb]<\/p>\n<table width=\"100%\" cellspacing=\"0\" cellpadding=\"0\">\n<tbody>\n<tr>\n<td align=\"center\" valign=\"top\"><span class=\"style1\"><strong>CouTraCi<\/strong><\/span>\u00a0&#8211;\u00a0<a href=\"http:\/\/perso.wanadoo.fr\/y.ctr\/\" target=\"_blank\" rel=\"noopener\"><span class=\"mini\">http:\/\/perso.wanadoo.fr\/y.ctr\/<\/span><\/a><\/td>\n<\/tr>\n<tr>\n<td align=\"center\" valign=\"top\"><span class=\"style1\"><strong>See You<\/strong><\/span>\u00a0&#8211;\u00a0<a href=\"http:\/\/naviter.si\/index.php?option=com_content&amp;task=view&amp;id=9&amp;Itemid=213\" target=\"_blank\" rel=\"noopener\"><span class=\"mini\">http:\/\/naviter.si\/index.php?option=com_content&amp;task=view&amp;id=9&amp;Itemid=213<\/span><\/a><\/td>\n<\/tr>\n<tr>\n<td align=\"center\" valign=\"top\"><span class=\"style1\"><strong>Zander<\/strong><\/span>\u00a0&#8211;\u00a0<a href=\"http:\/\/www.zander-variometer.de\/\" target=\"_blank\" rel=\"noopener\"><span class=\"mini\">http:\/\/www.zander-variometer.de\/<\/span><\/a><\/td>\n<\/tr>\n<tr>\n<td align=\"center\" valign=\"top\"><span class=\"style1\"><strong>Strepla<\/strong><\/span>\u00a0&#8211;\u00a0<a href=\"http:\/\/www.strepla.de\/StrePla4\/english\/indexEnglish.html\" target=\"_blank\" rel=\"noopener\"><span class=\"mini\">http:\/\/www.strepla.de\/StrePla4\/english\/indexEnglish.html<\/span><\/a><\/td>\n<\/tr>\n<\/tbody>\n<\/table>\n<p>[\/et_pb_accordion_item][\/et_pb_accordion][\/et_pb_column][\/et_pb_row][\/et_pb_section]<\/p>\n","protected":false},"excerpt":{"rendered":"<p><div class=\"et_pb_row et_pb_row_0 et_pb_row_empty\">\n\t\t\t\t\n\t\t\t\t\n\t\t\t\t\n\t\t\t\t\n\t\t\t\t\n\t\t\t<\/div> The \u00ab\u00a0must\u00a0\u00bb site for any forecast\u00a0&#8211;\u00a0http:\/\/www.wetterzentrale.de\/topkarten\/fsfaxsem.html Fran\u00e7ois Hersen&rsquo;s site\u00a0&#8211; http:\/\/francois.hersen.pagesperso-orange.fr\/BriefingMTO.htm Denis Flament&rsquo;s site\u00a0&#8211;\u00a0http:\/\/meteo.deltafox.net\/ Meteo Swiss\u00a0&#8211;\u00a0https:\/\/www.meteoblue.com\/fr\/meteo\/prevision\/semaine\/gap_france_3016702 Satellite HD Central Europe\u00a0&#8211; https:\/\/fr.sat24.com\/fr\/fr Weather On Line\u00a0&#8211;\u00a0http:\/\/www.weatheronline.co.uk\/ Bariloche &#8211; Local meteo\u00a0&#8211; https:\/\/ssl.smn.gob.ar\/?mod=vueloavela Vol \u00e0 Voile FB- https:\/\/fr-fr.facebook.com\/velivoles\/ Magazine\u00a0Vol \u00e0 Voile &#8211; https:\/\/www.journaux.fr\/vol-a-voile-_avions_auto-moto-transport_169225.html Volo a Vela\u00a0&#8211;\u00a0http:\/\/www.voloavela.it\/ Gliding International &#8211; https:\/\/www.glidinginternational.com\/ Sailplane &amp; Gliding\u00a0&#8211;\u00a0http:\/\/www.gliding.co.uk\/sailplaneandgliding\/news.htm Aerokurier\u00a0&#8211;\u00a0http:\/\/www.aerokurier.rotor.com\/ Soaring New Zealand &#8211; http:\/\/gliding.co.nz\/ [&hellip;]<\/p>\n","protected":false},"author":2,"featured_media":0,"parent":0,"menu_order":0,"comment_status":"closed","ping_status":"closed","template":"","meta":{"_et_pb_use_builder":"on","_et_pb_old_content":"","_et_gb_content_width":"","footnotes":""},"class_list":["post-1105","page","type-page","status-publish","hentry"],"_links":{"self":[{"href":"https:\/\/topfly-aero.com\/index.php\/wp-json\/wp\/v2\/pages\/1105","targetHints":{"allow":["GET"]}}],"collection":[{"href":"https:\/\/topfly-aero.com\/index.php\/wp-json\/wp\/v2\/pages"}],"about":[{"href":"https:\/\/topfly-aero.com\/index.php\/wp-json\/wp\/v2\/types\/page"}],"author":[{"embeddable":true,"href":"https:\/\/topfly-aero.com\/index.php\/wp-json\/wp\/v2\/users\/2"}],"replies":[{"embeddable":true,"href":"https:\/\/topfly-aero.com\/index.php\/wp-json\/wp\/v2\/comments?post=1105"}],"version-history":[{"count":8,"href":"https:\/\/topfly-aero.com\/index.php\/wp-json\/wp\/v2\/pages\/1105\/revisions"}],"predecessor-version":[{"id":3687,"href":"https:\/\/topfly-aero.com\/index.php\/wp-json\/wp\/v2\/pages\/1105\/revisions\/3687"}],"wp:attachment":[{"href":"https:\/\/topfly-aero.com\/index.php\/wp-json\/wp\/v2\/media?parent=1105"}],"curies":[{"name":"wp","href":"https:\/\/api.w.org\/{rel}","templated":true}]}}