{"id":38,"date":"2018-03-28T14:00:56","date_gmt":"2018-03-28T12:00:56","guid":{"rendered":"https:\/\/topfly-aero.com\/?page_id=38"},"modified":"2026-01-24T19:00:13","modified_gmt":"2026-01-24T18:00:13","slug":"dancer-avec-le-vent","status":"publish","type":"page","link":"https:\/\/topfly-aero.com\/index.php\/fr\/dancer-avec-le-vent\/","title":{"rendered":"Danser avec le vent"},"content":{"rendered":"<p>[et_pb_section fb_built=\u00a0\u00bb1&Prime; _builder_version=\u00a0\u00bb4.16&Prime; background_color=\u00a0\u00bbrgba(0,0,0,0.3)\u00a0\u00bb global_colors_info=\u00a0\u00bb{}\u00a0\u00bb][et_pb_row column_structure=\u00a0\u00bb1_2,1_2&Prime; _builder_version=\u00a0\u00bb4.16&Prime; background_size=\u00a0\u00bbinitial\u00a0\u00bb background_position=\u00a0\u00bbtop_left\u00a0\u00bb background_repeat=\u00a0\u00bbrepeat\u00a0\u00bb global_colors_info=\u00a0\u00bb{}\u00a0\u00bb][et_pb_column type=\u00a0\u00bb1_2&Prime; _builder_version=\u00a0\u00bb4.16&Prime; custom_padding=\u00a0\u00bb|||\u00a0\u00bb global_colors_info=\u00a0\u00bb{}\u00a0\u00bb custom_padding__hover=\u00a0\u00bb|||\u00a0\u00bb][et_pb_image src=\u00a0\u00bbhttps:\/\/topfly-aero.com\/wp-content\/uploads\/2018\/04\/Cover_FR_finale.jpg\u00a0\u00bb align_tablet=\u00a0\u00bbcenter\u00a0\u00bb align_phone=\u00a0\u00bb\u00a0\u00bb align_last_edited=\u00a0\u00bbon|desktop\u00a0\u00bb _builder_version=\u00a0\u00bb4.16&Prime; global_colors_info=\u00a0\u00bb{}\u00a0\u00bb]&nbsp;<br \/>\n[\/et_pb_image][\/et_pb_column][et_pb_column type=\u00a0\u00bb1_2&Prime; _builder_version=\u00a0\u00bb4.16&Prime; custom_padding=\u00a0\u00bb|||\u00a0\u00bb global_colors_info=\u00a0\u00bb{}\u00a0\u00bb custom_padding__hover=\u00a0\u00bb|||\u00a0\u00bb][et_pb_text _builder_version=\u00a0\u00bb4.16&Prime; text_font_size=\u00a0\u00bb24&Prime; text_line_height=\u00a0\u00bb1.8&Prime; header_2_font_size=\u00a0\u00bb30&Prime; global_colors_info=\u00a0\u00bb{}\u00a0\u00bb]<\/p>\n<h2>Mon livre: Danse avec le vent<\/h2>\n<p>Le premier ouvrage qui traite exclusivement et exhaustivement du vol dynamique, sur les pentes et sur les ondes, expliquant les origines et les d\u00e9tails du saut hydraulique (dit de Bidone), comment l\u2019identifier et l\u2019exploiter en planeur. Les derni\u00e8res d\u00e9couvertes importantes sur l\u2019utilisation intelligente de l\u2019oxyg\u00e8ne. Fruit de 56 ans d\u2019observations, d\u2019analyses de situations inexpliqu\u00e9es, de tentatives de satisfaire l\u2019insatiable curiosit\u00e9 scientifique de l\u2019auteur, soutenue par une solide formation scientifique de base et une exp\u00e9rience internationale unique.<br \/>\n[\/et_pb_text][\/et_pb_column][\/et_pb_row][et_pb_row _builder_version=\u00a0\u00bb4.16&Prime; custom_padding=\u00a0\u00bb0|0px|27px|0px|false|false\u00a0\u00bb global_colors_info=\u00a0\u00bb{}\u00a0\u00bb][et_pb_column type=\u00a0\u00bb4_4&Prime; _builder_version=\u00a0\u00bb4.16&Prime; custom_padding=\u00a0\u00bb|||\u00a0\u00bb global_colors_info=\u00a0\u00bb{}\u00a0\u00bb custom_padding__hover=\u00a0\u00bb|||\u00a0\u00bb][et_pb_text _builder_version=\u00a0\u00bb4.16&Prime; global_colors_info=\u00a0\u00bb{}\u00a0\u00bb]<\/p>\n<h2><span style=\"font-size: x-large; font-family: inherit;\"><strong>Quelques recensions:<\/strong><\/span><\/h2>\n<p><span style=\"font-size: x-large; font-family: inherit;\">\u00a0<strong>Alvaro de Orleans- Borb\u00f3n, FAI Vice-President: <\/strong>\u00ab\u00a0<em>Ce livre vous r\u00e9v\u00e8le les tr\u00e9sors invisibles de l&rsquo;atmosph\u00e8re, explique ses promesses comme ses dangers et vous enseigne \u00e0 en tirer profit&#8230; Jean-Marie nous offre ici \u00ab\u00a0une superbe carte et une lampe puissante\u00a0\u00bb pour explorer en toute s\u00e9curit\u00e9 l&rsquo;un des derniers joyaux cach\u00e9s de notre fantastique plan\u00e8te &#8211; et pour ce cadeau, c&rsquo;est non seulement toute la communaut\u00e9 v\u00e9livole, mais aussi chaque curieux, chaque amoureux de la nature qui lui seront \u00e0 jamais d\u00e9biteurs.\u00a0\u00bb<\/em><\/span><\/p>\n<p><span style=\"font-size: x-large; font-family: inherit;\">\u00a0<strong>Gliding International:<\/strong> \u00ab\u00a0<em>Ce livre est un tr\u00e9sor, belle impression et extr\u00eamement bien illustr\u00e9&#8230; Nous estimons que c&rsquo;est le meilleur livre didactique jamais \u00e9crit&#8230; Vous devez acheter ce livre, vendez tout ce qui est n\u00e9cessaire, mais achetez le.<\/em>\u00a0\u00bb John Roake.<\/span><\/p>\n<p><span style=\"font-size: x-large; font-family: inherit;\"><strong>Vol \u00e0 Voile: <\/strong><em>Douze parties, qui vont de l&rsquo;a\u00e9rologie (sur le th\u00e8me du vent, vous l&rsquo;avez compris, pente, onde&#8230;) et la m\u00e9t\u00e9o, \u00e0 la pr\u00e9paration du vol, de la machine et du pilote (la gestion des probl\u00e8mes physiologiques, etc.), les \u00e9quipements \u00e0 retenir, on ne voit pas ce qui pourrait manquer. Danse avec le Vent est une somme de connaissances et r\u00e9flexions extraordinaire.<\/em> Jean Molveau.<\/span><\/p>\n<p><span style=\"font-size: x-large; font-family: inherit;\"><strong>Volo a Vela<\/strong>: \u00ab\u00a0<em>Le sujet est approfondi jusque dans les moindres d\u00e9tails, les fameux \u00ab\u00a0secrets\u00a0\u00bb que chaque champion est suppos\u00e9 garder pour lui. Jean-Marie les a parfaitement mis par \u00e9crit&#8230; Danse avec le Vent restera dans l&rsquo;histoire de la bibliographie de notre sport, comme et peut-\u00eatre plus que Reichmann.<\/em>\u00a0\u00bb Aldo Cernezzi.<\/span><\/p>\n<p><span style=\"font-size: x-large; font-family: inherit;\"><strong>Sailplane &amp; Gliding<\/strong>:<em>\u00ab\u00a0Pour moi, ce livre est un \u00ab\u00a0must-have\u00a0\u00bb&#8230; Les connaissances et l&rsquo;exp\u00e9rience, non seulement de l&rsquo;auteur, mais \u00e9galement d&rsquo;autres pilotes de niveau mondial tels que notre John Williams, le tout r\u00e9uni en un seul volume. Comment avons nous pu faire sans lui? <\/em>Phil King.<\/span><\/p>\n<p><span style=\"font-size: x-large; font-family: inherit;\">\u00ab\u00a0<em>Ce livre est id\u00e9al pour quiconque ayant l&rsquo;intention de s&rsquo;aventurer dans les montagnes pour la premi\u00e8re fois et d&rsquo;\u00e9gale utilit\u00e9 pour les plus chevronn\u00e9s<\/em>.\u00a0\u00bb Kevin Atkinson.<\/span><br \/>\n[\/et_pb_text][\/et_pb_column][\/et_pb_row][\/et_pb_section][et_pb_section fb_built=\u00a0\u00bb1&Prime; _builder_version=\u00a0\u00bb4.16&Prime; global_colors_info=\u00a0\u00bb{}\u00a0\u00bb][et_pb_row column_structure=\u00a0\u00bb1_2,1_2&Prime; _builder_version=\u00a0\u00bb4.16&Prime; global_colors_info=\u00a0\u00bb{}\u00a0\u00bb][et_pb_column type=\u00a0\u00bb1_2&Prime; _builder_version=\u00a0\u00bb4.16&Prime; custom_padding=\u00a0\u00bb|||\u00a0\u00bb global_colors_info=\u00a0\u00bb{}\u00a0\u00bb custom_padding__hover=\u00a0\u00bb|||\u00a0\u00bb][et_pb_text _builder_version=\u00a0\u00bb4.16&Prime; global_colors_info=\u00a0\u00bb{}\u00a0\u00bb]<\/p>\n<h3>COMMENT ACHETER ?<\/h3>\n<ul>\n<li>PAYPAL : payer 50 \u20ac + port \u00e0 info@topfly.aero ou envoyer un mail \u00e0\u00a0 info@topfly.aero<\/li>\n<li>CH\u00c8QUE :\u00a0 sur banque fran\u00e7aise uniquement 50 \u20ac + port \u00e0 notre adresse postale<\/li>\n<li>VIREMENT : 50 \u20ac + port \u00e0 TOPFLY Sarl\u00a0<\/li>\n<li>IBAN FR76 1009 6180 2600 0806 6840 113<\/li>\n<li>\n<p><span>SWIFT\/BIC CODE: CMCIFRPP<\/span><\/p>\n<p><span><\/span><\/p>\n<\/li>\n<li>CALCUL DES FRAIS DE PORT SELON TABLEAU CI-CONTRE<\/li>\n<\/ul>\n<p>[\/et_pb_text][\/et_pb_column][et_pb_column type=\u00a0\u00bb1_2&Prime; _builder_version=\u00a0\u00bb4.16&Prime; custom_padding=\u00a0\u00bb|||\u00a0\u00bb global_colors_info=\u00a0\u00bb{}\u00a0\u00bb custom_padding__hover=\u00a0\u00bb|||\u00a0\u00bb][et_pb_image src=\u00a0\u00bbhttps:\/\/topfly-aero.com\/wp-content\/uploads\/2026\/01\/TARIFS_POSTAUX_FR.jpg\u00a0\u00bb title_text=\u00a0\u00bbTARIFS_POSTAUX_FR\u00a0\u00bb url=\u00a0\u00bbhttps:\/\/topfly-aero.com\/wp-content\/uploads\/2024\/02\/TARIFS_POSTAUX_FR.jpg\u00a0\u00bb _builder_version=\u00a0\u00bb4.27.4&Prime; _module_preset=\u00a0\u00bbdefault\u00a0\u00bb hover_enabled=\u00a0\u00bb0&Prime; global_colors_info=\u00a0\u00bb{}\u00a0\u00bb sticky_enabled=\u00a0\u00bb0&Prime;][\/et_pb_image][\/et_pb_column][\/et_pb_row][et_pb_row column_structure=\u00a0\u00bb1_3,1_3,1_3&Prime; _builder_version=\u00a0\u00bb4.16&Prime; background_size=\u00a0\u00bbinitial\u00a0\u00bb background_position=\u00a0\u00bbtop_left\u00a0\u00bb background_repeat=\u00a0\u00bbrepeat\u00a0\u00bb global_colors_info=\u00a0\u00bb{}\u00a0\u00bb][et_pb_column type=\u00a0\u00bb1_3&Prime; _builder_version=\u00a0\u00bb4.16&Prime; custom_padding=\u00a0\u00bb|||\u00a0\u00bb global_colors_info=\u00a0\u00bb{}\u00a0\u00bb custom_padding__hover=\u00a0\u00bb|||\u00a0\u00bb][et_pb_text _builder_version=\u00a0\u00bb4.16&Prime; global_colors_info=\u00a0\u00bb{}\u00a0\u00bb]<\/p>\n<h2>D\u00e9tails sur le produit<\/h2>\n<ul>\n<li><b>Broch\u00e9:<\/b> 304 pages<\/li>\n<li><b>Editeur\u00a0:<\/b> Topfly Sarl<\/li>\n<li><b>Langue\u00a0:<\/b> Fran\u00e7ais<\/li>\n<li><b>ISBN <\/b>978-88-903432-3-0<b><br \/><\/b><\/li>\n<li><b>Prix \u00e9diteur: 50\u20ac <\/b>+ port<strong><br \/><\/strong><\/li>\n<\/ul>\n<p>[\/et_pb_text][\/et_pb_column][et_pb_column type=\u00a0\u00bb1_3&Prime; _builder_version=\u00a0\u00bb4.16&Prime; custom_padding=\u00a0\u00bb|||\u00a0\u00bb global_colors_info=\u00a0\u00bb{}\u00a0\u00bb custom_padding__hover=\u00a0\u00bb|||\u00a0\u00bb][et_pb_text _builder_version=\u00a0\u00bb4.16&Prime; global_colors_info=\u00a0\u00bb{}\u00a0\u00bb]<\/p>\n<h2 style=\"text-align: center;\">Commandez directement par internet, livraison sous 48 h<\/h2>\n<p>[\/et_pb_text][\/et_pb_column][et_pb_column type=\u00a0\u00bb1_3&Prime; _builder_version=\u00a0\u00bb4.16&Prime; custom_padding=\u00a0\u00bb|||\u00a0\u00bb global_colors_info=\u00a0\u00bb{}\u00a0\u00bb custom_padding__hover=\u00a0\u00bb|||\u00a0\u00bb][et_pb_testimonial company_name=\u00a0\u00bbCliquez-ici pour avoir un aper\u00e7u\u00a0\u00bb url=\u00a0\u00bbhttps:\/\/topfly-aero.com\/wp-content\/uploads\/2018\/04\/SPECIMEN-fr.pdf\u00a0\u00bb url_new_window=\u00a0\u00bbon\u00a0\u00bb _builder_version=\u00a0\u00bb4.16&Prime; global_colors_info=\u00a0\u00bb{}\u00a0\u00bb]&nbsp;<br \/>\n[\/et_pb_testimonial][\/et_pb_column][\/et_pb_row][\/et_pb_section]<\/p>\n","protected":false},"excerpt":{"rendered":"<p>&nbsp; Mon livre: Danse avec le vent Le premier ouvrage qui traite exclusivement et exhaustivement du vol dynamique, sur les pentes et sur les ondes, expliquant les origines et les d\u00e9tails du saut hydraulique (dit de Bidone), comment l\u2019identifier et l\u2019exploiter en planeur. Les derni\u00e8res d\u00e9couvertes importantes sur l\u2019utilisation intelligente de l\u2019oxyg\u00e8ne. Fruit de 56 [&hellip;]<\/p>\n","protected":false},"author":2,"featured_media":0,"parent":0,"menu_order":0,"comment_status":"closed","ping_status":"closed","template":"","meta":{"_et_pb_use_builder":"on","_et_pb_old_content":"","_et_gb_content_width":"","footnotes":""},"class_list":["post-38","page","type-page","status-publish","hentry"],"_links":{"self":[{"href":"https:\/\/topfly-aero.com\/index.php\/wp-json\/wp\/v2\/pages\/38","targetHints":{"allow":["GET"]}}],"collection":[{"href":"https:\/\/topfly-aero.com\/index.php\/wp-json\/wp\/v2\/pages"}],"about":[{"href":"https:\/\/topfly-aero.com\/index.php\/wp-json\/wp\/v2\/types\/page"}],"author":[{"embeddable":true,"href":"https:\/\/topfly-aero.com\/index.php\/wp-json\/wp\/v2\/users\/2"}],"replies":[{"embeddable":true,"href":"https:\/\/topfly-aero.com\/index.php\/wp-json\/wp\/v2\/comments?post=38"}],"version-history":[{"count":51,"href":"https:\/\/topfly-aero.com\/index.php\/wp-json\/wp\/v2\/pages\/38\/revisions"}],"predecessor-version":[{"id":5934,"href":"https:\/\/topfly-aero.com\/index.php\/wp-json\/wp\/v2\/pages\/38\/revisions\/5934"}],"wp:attachment":[{"href":"https:\/\/topfly-aero.com\/index.php\/wp-json\/wp\/v2\/media?parent=38"}],"curies":[{"name":"wp","href":"https:\/\/api.w.org\/{rel}","templated":true}]}}